 25 - -9?
32
25 - 35 - (16 - 23)
-3
What is 2 - 8 - 14 - -15?
-5
What is the value of (-7 - 19 - -22) + -4 + 0?
-8
What is -13 - (-7 + (10 - (1 - (-4 + 3))))?
-14
Calculate (1 + -17 - -17) + -3 + -30.
-32
Evaluate (18 - 35) + (-1 - -14).
-4
What is -1 + (4 - 2) + -340 + 340?
1
Calculate -16 - ((-51 - -46) + (-3 + 0 - -4)).
-12
Evaluate (7 - -5) + 0 - ((-1 - -3) + 1).
9
What is -12 - (4 + -12 - (-3 - 0)) - -10?
3
7 + (-2 - (-3 + -6) - -1)
15
Evaluate 3 - (-62 + (29 - -2)).
34
Calculate (-8 - (-4 + -1) - -3) + 4.
4
What is 0 + 0 + (-1 - 1) - (-2722 + 2699)?
21
What is the value of (-18 - (-6 + -3) - -8) + 6?
5
Calculate (27 - 29) + (3 + -1 - -2).
2
What is the value of -11 + 25 - 3 - 10?
1
What is the value of -14 - (-26 - -20) - -7?
-1
41 + (89 + -116 - (-11 - 1))
26
Calculate -2 - (4 + 0 - (141 + -137)).
-2
12 + -2 + (0 + 3 - (43 + -13))
-17
What is the value of 0 - (1 + -17 + 19)?
-3
Evaluate -6 + 7 + (4 - 13 - -2).
-6
What is -7 + (-3 - 0) + (91 - 81)?
0
What is the value of -1 + (5 + (-5 - (0 - 6)) - 4)?
1
(4 - ((2 - 0) + -5)) + (81 - 88)
0
Evaluate (1 + -8 - (68 + -74)) + 9.
8
Calculate (-34 - (-21 - -36)) + 34.
-15
What is 8 + -17 - (-24 + 44)?
-29
-23 + 1 - (155 + -176)
-1
What is (-93 - -95) + (0 - 1) + 8 + -1?
8
What is (-9 - -17) + (-5 - -6) + 22 - 4?
27
-42 + -2 + -128 + 154
-18
Calculate 4 + (5 - (16 - 10)) + 12 + 0.
15
What is the value of -1 - (11 + 0 - -6)?
-18
-13 - (7 + -12 - 12)
4
What is (35 - 29) + -38 + 8?
-24
What is the value of 17 + -12 + (0 + 0 + -2 - -2)?
5
45 + -53 + 10 + (-2 - 0)
0
What is the value of 23 - 3 - -21 - 19?
22
Calculate (55 - 30) + -51 + 47.
21
What is the value of 0 - (-5 - (-8 - 5)) - -6?
-2
Evaluate -1 - (-49 - -26) - 1.
21
Calculate 23 - (2 + -1 - 4 - (-587 - -578)).
17
Evaluate 35 + (3 - (-16 - -33)).
21
Evaluate 334 + -360 - (-2 + -19).
-5
What is the value of -7 + (13 - -4 - 5)?
5
-13 + 0 - (-39 + 33) - -6
-1
-6 + 1 + 14 + 22 + -20
11
Evaluate 4 - 22 - (-118 + 88).
12
Evaluate (-542 - -558) + (-1 - 45).
-30
Evaluate (-4 - 0) + (135 - 132) - (2 - -4).
-7
-32 - (15 + -20 - 35)
8
What is -33 + 37 + 7 + 0?
11
Evaluate -1 + -40 + 260 + -206.
13
Calculate -11 + 24 + (-1 - -3 - -1).
16
Calculate -1 + 26 - (24 + -72 - -57).
16
27 + 24 + (-36 - -14)
29
What is the value of 2 + 12 + (-45 - -41)?
10
-16 + -5 + -19 + 39
-1
0 + 7 - (-175 + 186)
-4
What is 17 - (-12 - (-18 - 4)) - (1 - -13)?
-7
-19 + 8 - -7 - (-1 + -15)
12
Calculate -19 - (16 + (0 - 9) + -15).
-11
Calculate (5 - -5) + (-3 + 1 - 12) + -14.
-18
What is the value of 0 + (-16 - -22) + -10?
-4
(-1 - (-8 - -8)) + 12
11
Evaluate 8 + -9 + (-2 - (5 + -3) - 7).
-12
Evaluate -20 - (-7 + 14 - 18) - -15.
6
0 + 18 - (7 + -9)
20
(1 + 8 - 0) + (102 - (-57 + 155))
13
What is the value of -52 - (-27 - (-13 - -16))?
-22
-1 + 4 - ((-7 - (5 - 5)) + -5)
15
What is 50 + -24 + -26 - (-5 - 1)?
6
Calculate -12 + 3 + -9 + (8 - 14).
-24
What is -78 + 87 + (-33 - -4)?
-20
-9 - 1 - (-194 - -188)
-4
Calculate (13 - 5) + 20 + -44.
-16
(2 - -1) + (-2 + 9 - 3 - 8)
-1
Calculate 1 + 1 + -49 + 49.
2
Evaluate -1 + 3 - (21 + -34).
15
Calculate 10 - -1 - (-3 - -10 - (23 - 20)).
7
-481 + 501 + 0 + -49
-29
What is 5 - -2 - ((5 - 0) + -1)?
3
Calculate -15 + 1 + (1161 - 1159).
-12
Evaluate (-1 + -10 - 0 - (-131 + 79)) + -8.
33
Evaluate 13 + (-12 - -8 - 11).
-2
Calculate -4 - (-8 + -8) - 8 - 4.
0
Evaluate (10 - (8 - 25)) + -11.
16
What is the value of (-11 - (-2 - 0) - -2) + -12?
-19
What is the value of -11 + 1 + (-20 + 11 - -8)?
-11
What is -6 - 0 - ((4 - 7) + -1 + 8)?
-10
Evaluate 9 + -1 + (175 - 170) - 7.
6
Calculate -6 - -2 - (-16 - (-32 + 44)).
24
What is 5 + 1 - (67 + -15 - 38)?
-8
What is the value of 10 - (10 + (3 - -1) + 6)?
-10
What is (1 - -10) + (0 - 12)?
-1
What is -1 + 44 + -1 + 33 + -6 + -37?
32
Evaluate 0 - (1 - (-1 + 4 + (-6 - -14))).
10
(28 - 34 - -14) + -1 + -1
6
What is 19 - 30 - (-12 + 6)?
-5
Calculate 8 + (-20 - -4 - -4).
-4
Calculate -15 + (11 - (7 + -21)).
10
Calculate 75 - 62 - (-3 + 5 + -4 - 7).
22
Evaluate (-13 - (-4 + 3 + -7)) + -2 + 24.
17
(10 - -1) + -63 + 52
0
Evaluate (5 - (-4 + 3)) + -12 - (9 + 0).
-15
Calculate 1 + -2 + 7 + (17 - 33) + 30.
20
3 + (-19 - -7) - -8
-1
Evaluate -16 + -2 + 3 + 12.
-3
12 + 8 + -21 - 19
-20
-11 + -3 + 23 - 7
2
Evaluate -1 + -11 - (-335 - -325).
-2
What is the value of (-5 + -13 + 11 + -7 - -1) + 9?
-4
Calculate -4 + 7 - (15 + -4 + (-3 - 5)).
0
Calculate 9 + -22 + 21 - 21.
-13
What is the value of 23 - 1 - (10 - (2 + 0)) - 3?
11
What is the value of (1 + 1 - -6) + (20 - 18 - 14)?
-4
What is the value of (-1 - 6) + -434 + 442?
1
What is the value of (-15 - (16 + -42 - 4)) + -43?
-28
Evaluate 1 - (117 + -107 + -2 + 4 - -5).
-16
Calculate -6 + (1 - (-5 + -7) - -6) - 7.
6
-21 + (28 + -22 - -28)
13
Evaluate 0 + (6 - -10) - (-2 - -2) - -8.
24
What is the value of (-23 - ((-5 - -10) + -8)) + -1 - -8?
-13
-10 - ((13 - 24) + 22)
-21
Evaluate 56 + -69 + 10 + 0.
-3
Evaluate (33 - 59 - -70) + -46.
-2
Evaluate -2 + 8 - (136 - 121).
-9
-24 + 10 + (2 - (-1 + -4))
-7
(-6 - (-7 + (2 - (1 + 0)))) + -9
-9
-12 + 18 + (46 - 35)
17
Evaluate -35 + 24 - (9 - 44).
24
What is -10 - (-28 + (-22 - -15))?
25
Calculate 10 - ((2 + 19 + 7 - 0) + -4).
-14
Evaluate -3 - -22 - (-3 + -4 + 4 + 5).
17
Evaluate -8 + (8 - (-1 + 8)) + 23.
16
What is the value of -1 + (-2 - 11 - -4) - (-75 + 69)?
-4
(-15 - -3 - -21) + -26
-17
-4 - (-10 + 10 + -6 + 7)
-5
Calculate 31 + (27 - 3) + -27.
28
Calculate 3 - -15 - (-14 - -17).
15
What is the value of -1 + (1 - 12 - (-5 - 17))?
10
Evaluate 16 + -8 + -8 + 3.
3
Evaluate 1 - 30 - -3 - -5 - (20 + -23).
-18
What is the value of (4 - ((-7 - -17) + -7) - 16) + 6?
-9
What is (5 - (7 + 2)) + 4 + (-8 - 15)?
-23
Evaluate 23 - (19 - (23 - 1) - (0 + -11)).
15
(43 - 25 - (3 - 1)) + -11
5
Evaluate -11 + (1 - 14) + -6 + (21 - 10).
-19
Calculate 18 + -48 + 54 + -8.
16
Calculate (-10 - (3 - 46 - -15)) + 8.
26
-40 - (16 + -41) - (-4 - -12)
-23
-14 + -4 + -1 + (44 - 40) + 3
-12
What is the value of 24 + (38 - 56) - (-10 - 0)?
16
Evaluate 10 - ((11 - (-2 - -5)) + 4).
-2
Calculate 20 + -3 + 0 - (7 - (-22 - -26)).
14
-3 + 0 + 9 + (0 - (12 - 14))
8
Evaluate (-1 - (11 - (-4 + 10))) + -3.
-9
Evaluate -1 - 6 - ((11 - 17) + -2).
1
(-226 - -229) + (-2 - -10)
11
Evaluate 17 - (-7 + 16) - 8.
0
What is the value of 6 + -7 + (3 + 1 - 1) + 5?
7
What is the value of (-32 - -15) + 29 + -21?
-9
Calculate (11 - 7 - -11) + -11 - 7.
-3
Calculate -22 + 3 + 5 + 2.
-12
-3 - -2 - 8 - (-1 - (30 + -14))
8
What is the value of -20 + 22 - (-5 + 4 + 8)?
-5
-15 - (9 + -6 + 0 + -5 + 10)
-23
What is the value of 6 + -22 + 40 - 38?
-14
Calculate -4 + (8 - (15 - 2)).
-9
What is 17 + (-2 - 8 - 15) + -8?
-16
Calculate -1 + -7 + (6 - (5 + 4)).
-11
-8 + 3 + 11 + 0 + -2
4
-3 + (10 - (-4 + 13 + -4))
2
What is the value of (19 - 24) + 1 + -1 - -9 - -6?
10
22 + 5 - (-5 + (14 - 2 - 0))
20
What is the value of (4 - 7 - -3) + 3 + -6 + 1?
-2
What is 2 - -1 - (-2 + -41 - (-8 + -12))?
26
What is the value of 25 + 2 + 69 + -70 - 16?
10
What is -6 + -3 + 10 + 33 + -28?
6
Evaluate -4 + -7 + -16 + 18 + -1 + 6.
-4
3 + 12 + -28 - 3
-16
Calculate -10 + -1 - ((-1 - -2) + -4).
-8
Evaluate 19 + 1 + (4 - 16) - (-6 + -1).
15
Evaluate 1 + 2 - -1 - (8 - (10 + -10)).
-4
Calculate 0 + -4 + 82 + -77.
1
Calculate -32 + -14 + (15 - 2 - -6).
-27
What is -1 - 2 - (186 - 191) - -9?
11
What is 14 - (-12 + 23) - (0 + 4 + 13)?
-14
Evaluate -2 + (4 - (1 - 3)) - (66 + -57).
-5
Evaluate 3 - (-41 - -10 - -63).
-29
28 + -5 + (-3 + 2 - (-10 - -8))
24
302 + -294 + (2 - -15 - 1)
24
Calculate -13 + -34 - (39 + -56) - (2 - 0).
-32
What is 0 + -3 - (321 + -352)?
28
Calculate -10 + (1 - 0 - 1).
-10
What is the value of 3 + 1 + 1 + -4 + (-166 - -163)?
-2
What is -2 + (1 - -9) + 3 + -4 + -4?
3
Calculate 4 - ((4 - -1) + (-32 - -4) + 18).
9
1 + 3 + -2 - (20 - (24 + -9))
-3
Calculate -2 + (6 - 5) - (-22 - -13).
8
Evaluate 46 - (-14 + 47 - 2).
15
What is -62 + 51 - ((5 - 3) + 18 + -5)?
-26
Evaluate -12 + -3 + 11 + -13 + 9.
-8
What is -14 + (-16 - -11 - -6) + 20?
7
What is -3 + -4 + 2 - (10 + 4 + -5)?
-14
What is 344 - 344 - (-15 - 1)?
16
Evaluate 2 + (0 - -1) + (-67 - -61).
-3
What is 3 + (8 + 0 - 5 - 15)?
-9
What is the value of (2 + 7 - -5) + -7 + -1?
6
Evaluate (9 - 1) + (-39 + 19 - -12).
0
Evaluate -2 + -1 + -1 - -9 - (2 - 0).
